 the prime factors of 825702.
2, 3, 19, 7243
List the prime factors of 3310513.
97, 34129
List the prime factors of 4996820.
2, 5, 433, 577
List the prime factors of 426898.
2, 213449
List the prime factors of 32468746.
2, 16234373
What are the prime factors of 711853?
31, 22963
What are the prime factors of 6478631?
6478631
List the prime factors of 580062.
2, 3, 7, 1973
What are the prime factors of 8241366?
2, 3, 7, 317, 619
What are the prime factors of 587560?
2, 5, 37, 397
List the prime factors of 3226377.
3, 7, 11, 13967
What are the prime factors of 1422238?
2, 257, 2767
What are the prime factors of 2125805?
5, 11, 38651
What are the prime factors of 7121417?
7121417
What are the prime factors of 16732157?
13, 31, 41519
List the prime factors of 2294980.
2, 5, 114749
What are the prime factors of 13056?
2, 3, 17
What are the prime factors of 4443215?
5, 7, 126949
List the prime factors of 4759248.
2, 3, 13, 29, 263
List the prime factors of 3029907.
3, 193, 5233
What are the prime factors of 97564?
2, 24391
What are the prime factors of 152020?
2, 5, 11, 691
What are the prime factors of 2480362?
2, 1240181
List the prime factors of 155755.
5, 31151
List the prime factors of 24760480.
2, 5, 154753
What are the prime factors of 457330?
2, 5, 19, 29, 83
List the prime factors of 14227221.
3, 4742407
What are the prime factors of 39828?
2, 3, 3319
List the prime factors of 178076.
2, 44519
What are the prime factors of 3079785?
3, 5, 205319
What are the prime factors of 182619?
3, 103, 197
List the prime factors of 483813.
3, 11, 181
List the prime factors of 1586044.
2, 19, 41, 509
What are the prime factors of 4480475?
5, 277, 647
List the prime factors of 287376.
2, 3, 5987
List the prime factors of 108831.
3, 36277
What are the prime factors of 945564?
2, 3, 78797
What are the prime factors of 2006867?
17, 118051
List the prime factors of 46772.
2, 11, 1063
List the prime factors of 6047966.
2, 19, 159157
List the prime factors of 584588.
2, 101, 1447
What are the prime factors of 2087785?
5, 7, 59651
What are the prime factors of 567491?
461, 1231
What are the prime factors of 3994127?
181, 22067
What are the prime factors of 649968?
2, 3, 11, 1231
List the prime factors of 134317.
17, 7901
List the prime factors of 74426.
2, 11, 17, 199
List the prime factors of 9038141.
7, 1291163
List the prime factors of 203714.
2, 7, 14551
List the prime factors of 342197.
342197
What are the prime factors of 2148851?
17, 41, 3083
List the prime factors of 22677556.
2, 11, 89, 5791
What are the prime factors of 226089?
3, 25121
List the prime factors of 13161155.
5, 7, 53719
List the prime factors of 755804.
2, 7, 26993
List the prime factors of 279334.
2, 11, 12697
List the prime factors of 19755424.
2, 13, 281
What are the prime factors of 129410?
2, 5, 12941
What are the prime factors of 481801?
481801
List the prime factors of 528011.
11, 23, 2087
What are the prime factors of 147294?
2, 3, 7, 167
What are the prime factors of 490328?
2, 61291
List the prime factors of 17033713.
59, 449, 643
List the prime factors of 16853354.
2, 7, 47, 3659
What are the prime factors of 30842543?
30842543
List the prime factors of 6008949.
3, 43, 15527
What are the prime factors of 402600?
2, 3, 5, 11, 61
What are the prime factors of 4753274?
2, 29, 81953
List the prime factors of 6458303.
223, 28961
List the prime factors of 729153.
3, 81017
What are the prime factors of 404246?
2, 107, 1889
List the prime factors of 311930.
2, 5, 31193
List the prime factors of 254969.
11, 13, 1783
What are the prime factors of 8307328?
2, 64901
List the prime factors of 915988.
2, 31, 83, 89
What are the prime factors of 8521630?
2, 5, 13, 65551
List the prime factors of 10363020.
2, 3, 5, 172717
List the prime factors of 1157010.
2, 3, 5, 38567
List the prime factors of 7012832.
2, 37, 5923
What are the prime factors of 643371?
3, 214457
List the prime factors of 1923850.
2, 5, 109, 353
What are the prime factors of 227743?
227743
List the prime factors of 4404588.
2, 3, 367049
What are the prime factors of 6636240?
2, 3, 5, 13, 709
What are the prime factors of 1667229?
3, 555743
What are the prime factors of 104555?
5, 11, 1901
List the prime factors of 18164988.
2, 3, 19, 26557
What are the prime factors of 3216052?
2, 7, 114859
What are the prime factors of 460265?
5, 13, 73, 97
List the prime factors of 459917.
619, 743
What are the prime factors of 867586?
2, 587, 739
List the prime factors of 213648.
2, 3, 4451
List the prime factors of 2486769.
3, 828923
What are the prime factors of 361803?
3, 13, 9277
List the prime factors of 7661058.
2, 3, 73, 17491
What are the prime factors of 122937?
3, 43, 953
What are the prime factors of 364866?
2, 3, 60811
What are the prime factors of 1350954?
2, 3, 11, 6823
List the prime factors of 200552.
2, 11, 43, 53
What are the prime factors of 1275461?
11, 83, 127
What are the prime factors of 309334?
2, 154667
What are the prime factors of 494940?
2, 3, 5, 73, 113
What are the prime factors of 2251092?
2, 3, 149, 1259
List the prime factors of 3020537.
13, 61, 293
What are the prime factors of 10335907?
83, 124529
What are the prime factors of 11284710?
2, 3, 5, 193, 1949
List the prime factors of 248689.
7, 35527
List the prime factors of 40199582.
2, 43, 467437
List the prime factors of 4789999.
4789999
List the prime factors of 6532332.
2, 3, 73, 7457
List the prime factors of 118762.
2, 7, 17, 499
What are the prime factors of 1552232?
2, 11, 31, 569
What are the prime factors of 18532827?
3, 29, 23669
What are the prime factors of 4553418?
2, 3, 89, 8527
List the prime factors of 68068.
2, 7, 11, 13, 17
What are the prime factors of 262349?
262349
What are the prime factors of 950973?
3, 316991
List the prime factors of 527421.
3, 19, 487
List the prime factors of 2503057.
1423, 1759
List the prime factors of 15445539.
3, 37, 15461
What are the prime factors of 4966943?
433, 11471
List the prime factors of 1745912.
2, 7, 31177
What are the prime factors of 3744?
2, 3, 13
List the prime factors of 1720661.
757, 2273
List the prime factors of 9145624.
2, 41, 27883
List the prime factors of 13757020.
2, 5, 29, 23719
List the prime factors of 432347.
83, 5209
What are the prime factors of 728819?
7, 13, 8009
What are the prime factors of 518205?
3, 5, 179, 193
What are the prime factors of 661698?
2, 3, 36761
List the prime factors of 54328.
2, 6791
List the prime factors of 21706432.
2, 11, 2803
List the prime factors of 12666865.
5, 2533373
List the prime factors of 3026441.
11, 275131
What are the prime factors of 1096782?
2, 3, 53, 3449
What are the prime factors of 49486?
2, 109, 227
What are the prime factors of 6137900?
2, 5, 61379
What are the prime factors of 6372231?
3, 569, 3733
List the prime factors of 202241.
13, 47, 331
What are the prime factors of 13831955?
5, 421, 6571
What are the prime factors of 154581?
3, 7, 17, 433
What are the prime factors of 11736682?
2, 881, 6661
What are the prime factors of 2680808?
2, 13, 149, 173
List the prime factors of 451918.
2, 31, 37, 197
What are the prime factors of 176709?
3, 13, 23, 197
List the prime factors of 2420608.
2, 18911
List the prime factors of 185924.
2, 53, 877
List the prime factors of 403258.
2, 201629
What are the prime factors of 10955847?
3, 7, 521707
What are the prime factors of 411407?
19, 59, 367
List the prime factors of 8087415.
3, 5, 7, 77023
List the prime factors of 8392637.
11, 762967
What are the prime factors of 399555?
3, 5, 13, 683
What are the prime factors of 290495?
5, 58099
What are the prime factors of 115775?
5, 11, 421
What are the prime factors of 19177043?
53, 6827
List the prime factors of 24300592.
2, 1171, 1297
What are the prime factors of 144436?
2, 36109
What are the prime factors of 8061713?
11, 79, 9277
List the prime factors of 956405.
5, 191281
What are the prime factors of 239215?
5, 47843
List the prime factors of 121991.
43, 2837
What are the prime factors of 28219398?
2, 3, 41, 114713
What are the prime factors of 7235178?
2, 3, 283, 4261
List the prime factors of 5034131.
5034131
List the prime factors of 7728561.
3, 286243
List the prime factors of 3827748.
2, 3, 318979
What are the prime factors of 210